 - 18. Let c be i(-8). Is c*13*37/(-2) a composite number?
True
Suppose -l + 7*a - 3*a - 15 = 0, -2*a = -4. Let y(x) be the third derivative of -11*x**4/24 + 4*x**3/3 + 14*x**2. Is y(l) prime?
False
Let z = -3 + 10. Suppose -13 - z = -4*q. Suppose 2*o = -q*l + 3*l + 68, -4*o = -l + 39. Is l a prime number?
False
Let r(d) = -27*d - 13. Let v be r(-8). Let m = v + -106. Is m composite?
False
Suppose 2*d + 2*d - 3*p - 4154 = 0, 4168 = 4*d + 4*p. Suppose -7*v + 3*v - 2*b - 2838 = 0, 0 = 5*v - 5*b + 3540. Let u = v + d. Is u composite?
False
Suppose 0 = -5*t + 2*t - 30. Let f be 8/(-2)*(-5)/t. Is 139*(f + 3 + 0) composite?
False
Is (-13 - (23963 - 7))*-1 composite?
True
Let y = -143 + 137. Is (1*2/y)/((-46)/198858) composite?
True
Suppose -3*f = -49 - 23. Suppose -3*i - 3*t + 153 = f, 5*i - 3*t = 175. Is i composite?
True
Let c = -962 - -2732. Suppose i = -5*i + c. Is i prime?
False
Let p be 2*(-5)/(-10)*2. Let i be ((2 - 0) + p)/1. Suppose -2*k = 4*o - 2800, i*o - 1904 - 890 = k. Is o a composite number?
True
Is -3851*(-11 - (-4)/1) prime?
False
Let v be 1*(7 + 1 + -3). Suppose 0 = -4*f - r + 1967, 3*r + v = 2*r. Is f a composite number?
True
Suppose -4 = -x + 4. Suppose -5*v = -m - v + 649, 0 = -4*v - x. Is m prime?
True
Let u be (4/6)/((-8)/12). Is (-6)/(-8) - (-5835)/(-12)*u a prime number?
True
Let h = -7 + -2. Let f be (-61)/h - 2/(-9). Suppose -3*y - 43 = -5*c, -4*c + 41 = y - f. Is c prime?
True
Suppose -298014 - 478189 = -17*s. Is s a prime number?
True
Suppose -5*d = -20, -22*f + 26*f = -3*d + 20624. Is f prime?
True
Let o = 946 + -527. Is o prime?
True
Let v(a) = -7*a + 31. Let r be v(14). Let d = r + 27. Let u = 77 + d. Is u prime?
True
Suppose 0*y + 4*x + 18 = -5*y, 3*y + 4*x + 14 = 0. Let n be (87/3 - 2) + y. Suppose l - n = -0. Is l prime?
False
Let i = 31923 + -21370. Is i composite?
True
Let u(c) = c**2 + c - 1. Let h be u(2). Suppose 3*o - 82 = -5*b, -2*b - 22 = -3*o + 25. Suppose y + 73 = h*k, -k - y = y - o. Is k prime?
False
Let q = -20 - -26. Suppose -q = 5*c - 21. Suppose -c*f - 4*h = -477, f = 2*f + h - 159. Is f composite?
True
Suppose -7047 = -8*d - 24903. Let u = d + 3259. Is u composite?
True
Let k(z) = 17*z - 11. Let d be k(5). Let o = d + -43. Is o prime?
True
Let v(x) = -x - 30. Let h be v(-18). Is ((-4506)/24)/(3/h) composite?
False
Let a = 14 - 12. Suppose 0 = -4*r + 5*r - a*i - 25, 3*i + 3 = 0. Let m = 25 - r. Is m a prime number?
True
Let d(g) be the first derivative of 10*g**3/3 - 6*g**2 - 5*g + 10. Is d(-8) a prime number?
False
Let h = 6390 - -4381. Is h prime?
True
Is (92/(-69))/((-4)/34737) composite?
False
Let u(z) = z**3 - 8*z**2 + 12*z - 2. Let g be (-18)/15*5/(-2). Suppose 15 = -g*w + 42. Is u(w) prime?
False
Suppose -b + 1 = -3. Suppose -k - k - b = 0. Is 376/(-16)*1*k a prime number?
True
Let g(f) = -2 + 2 + 3*f. Let h = 83 - 78. Is g(h) prime?
False
Suppose -13*a + 20068 = -9*a. Is a a prime number?
False
Let t(r) = -2*r**3 - 13*r**2 - 9*r + 27. Is t(-14) a prime number?
False
Let y = -12 + 12. Suppose b + 425 = 2*b + 2*l, 4*b - 4*l - 1664 = y. Suppose 0 = 3*h - 4*n - b, -n = h + 4*h - 660. Is h prime?
False
Let f(g) be the second derivative of 5*g + 6*g**2 + 5/6*g**4 + 5/6*g**3 + 0. Is f(5) composite?
True
Suppose 0 = -2*m - 2*p + 788, -4*m + 4*p = -5*m + 388. Let l = 1519 - m. Is l prime?
True
Suppose 3238 = 2*j - 3*n, 7*j + 1630 = 8*j + 4*n. Is j a composite number?
True
Let h = 56 + -57. Is (-1181)/(-2)*-2*h prime?
True
Let w be 84/16 - (-1)/(-4). Let p = -6 + 4. Is (p + w)*(-638)/(-6) a composite number?
True
Suppose y = -5*y + 61782. Is y a prime number?
False
Let h be (2 - -72) + -1 + -1. Suppose 5*f + 0*i - 4*i - h = 0, 0 = -5*f + 3*i + 69. Suppose f*z + 1244 = 16*z. Is z a prime number?
True
Is (-6)/48 - (-15)/(-8) - -30241 prime?
False
Suppose -71*l + 6*l + 326365 = 0. Is l prime?
True
Suppose -1 = -l + 61. Suppose 56*r - 58*r = -l. Is r a composite number?
False
Let c(g) = -1134*g**3 + g**2 + 6*g + 6. Is c(-1) a prime number?
False
Let q = -6445 + 26983. Is q/98 - 8/14 composite?
True
Let x(f) = 438*f**2 + 2*f + 1. Suppose -6 = 4*o - i, 4*o - 5*i + 0*i + 14 = 0. Is x(o) a prime number?
False
Suppose 5*x - 2909 = 3*z - 133, 4*x + z - 2231 = 0. Is x prime?
True
Let z = 51029 + 24938. Is z a composite number?
False
Let x(k) = -45*k + 7. Let i be x(-6). Let d = i - 136. Is d a composite number?
True
Let n(d) = -d - 3. Let s be n(-11). Suppose -3*m - 3805 = -s*m. Let l = 1132 - m. Is l composite?
True
Let w(u) = -509*u**2 - 3*u - 3. Let x be w(-3). Let y = -2054 - x. Is y a composite number?
False
Let i(w) = 32*w**3 + 5*w**2 - 5*w + 3. Let z be i(3). Let t = z - -500. Is t composite?
True
Let k = 11233 + -7862. Is k composite?
False
Suppose -1 = -2*j - 5*r - 24, 0 = 4*r + 12. Let a(q) = -353*q - 3. Is a(j) a composite number?
False
Let j(b) = 38*b**3 + 7*b**2 - b + 23. Is j(8) a prime number?
True
Let g be (390/8)/((-3)/(-96)). Is -3 + g + 7/(7/(-2)) a prime number?
False
Suppose 4157 + 22825 = 2*u. Is 36/(-126) - u/(-7) composite?
True
Let x be (-2)/4 - ((-5742)/(-12) - 4). Is 1/3*(-4 - x) composite?
False
Suppose -5*v + 17 + 13 = 0. Let o be (-4)/v + 2/3. Suppose 0 = 2*m + 3*m + 3*s - 104, -4*m + 4*s + 64 = o. Is m composite?
False
Suppose -5 = -2*k - 3. Suppose -2*d + k - 9 = 0. Let c(p) = 2*p**2 - p - 1. Is c(d) a composite number?
True
Suppose 2*p + 2*c + 2 - 6 = 0, 0 = -3*c + 3. Let j(i) = 1184*i - 3. Is j(p) composite?
False
Let r(j) be the third derivative of 41*j**4/6 - 7*j**3/2 + 27*j**2. Is r(2) a composite number?
False
Let g = -2462 - -5967. Is g a prime number?
False
Suppose -3*z - 9566 = -6*c + 2*c, 0 = -4*c - 2*z + 9576. Is c a composite number?
False
Suppose 5*f - 2 = 8. Suppose 5*q + 2*a = 0, 0*q - 2*q - f*a = 0. Suppose q = 6*k - k - 515. Is k composite?
False
Let b be 2/5*(8 - 3). Suppose -4*o + 25 = -b*h - 9*o, 0 = h - 5*o - 25. Suppose v + 32 = 4*n, v + 25 = 3*n - h*n. Is n composite?
False
Let r be -129*12/(-9)*13. Suppose 5*p + 20 = 0, -3*c - 4*p - 593 = -r. Is c composite?
True
Let v(j) = 2660*j - 507. Is v(5) a composite number?
True
Suppose 5*w + 4*u - 15153 = 0, -3*u + 12124 = 4*w + u. Is w a composite number?
True
Let r be 0 - -2 - (-1345 - -3). Suppose -r = -0*s - 2*s. Suppose -3*o - 894 = -4*m - o, 3*m = 3*o + s. Is m a composite number?
False
Suppose -1615 = j - 6*j. Let n = j - 30. Is n prime?
True
Is 2/(-4)*-5*(-138082)/(-49) composite?
True
Let c(s) be the third derivative of s**6/120 - s**5/12 + s**4/4 + 7*s**3/6 - 2*s**2. Let w = 27 - 22. Is c(w) a prime number?
True
Let q be (2181 - (-5 + 3)) + 1. Suppose -4*y + q = -1152. Suppose 2*r - d - 403 = 11, 4*r - 5*d - y = 0. Is r a composite number?
True
Suppose 2*z = 4*z + 3*a - 14386, 0 = z + 3*a - 7199. Is z prime?
True
Let k(x) = 28*x**2 + 12*x + 3. Is k(2) composite?
False
Let i = -22632 + 36977. Suppose -9*q - i + 40004 = 0. Is q composite?
False
Let m be ((-6)/48*-6646)/(2/8). Let p = m + -1146. Is p composite?
True
Suppose 14 = -33*c + 34*c. Let n(q) = -6*q + q - 2*q - 3 + 3*q**2. Is n(c) prime?
True
Let s be (-3 - -3 - 1) + 4. Is 1464/s + (0 - 1) prime?
True
Let p(i) = i**2 - 3*i - 3. Let q be p(8). Let m = 168 - q. Is m composite?
False
Suppose 0 = -3*p - l + 5 - 1, -4*p + 3*l - 12 = 0. Suppose -4*v - 5*x = -3 - 11, x - 2 = p. Is v/(-2) - (-1006)/4 composite?
False
Let p(g) be the second derivative of -5/6*g**3 + 3/4*g**4 + 0 - 4*g - 5/2*g**2. Is p(-4) a prime number?
False
Is (285/(-6) + 6)*-58 prime?
False
Let v(y) = 210*y - 43. Is v(6) prime?
True
Let m be 4 - (3 - (4 - 3)). Suppose -m*d = 2*d + 4, -2422 = -5*j - 3*d. Is j composite?
True
Let u = 777 - 400. Let k = -197 + 393. Suppose -3*g + 5*g - z = u, z = -g + k. Is g a composite number?
False
Let d(c) = 3*c**2 + 9*c - 7. Let s be d(-7). Is (-6152)/(-7) + 11/s a prime number?
False
Let k = -19 + 23. Suppose 380 = 4*x + 4*i, 0 = -3*x + k*i + i + 253. Is x a prime number?
False
Let g = -4144 - -63377. Is g a prime number?
True
Suppose 2*z = -3*z + 15. Suppose -58 = -z*b + 2*u, -b + 2*u + 36 = b. Is b a composite number?
True
Let z be (8*-2)/(2/4). Let j = z - -37. Suppose -5*h - a = -3506, h + 3*a - j*a - 699 = 0. Is h prime?
True
Let f(s) = -540*s + 10. Let n be f(3). Let g = 2355 + n. Let c = g + -452. Is c composite?
False
Suppose 2*v - 10 = -